11*u**2 - 15*u + 15. What is o(-6)?
-579
Let s(w) = w**3 - 74*w**2 - 181*w - 81. Determine s(-2).
-23
Let x(l) = -2*l**2 - 112*l - 634. Determine x(-7).
52
Let t(s) = -9564*s + 21. Calculate t(0).
21
Let r(m) = -m**2 - 63*m - 123. Calculate r(-33).
867
Let d(c) = -36*c - 54. What is d(0)?
-54
Let a(k) = 321*k + 5451. What is a(-17)?
-6
Let l(r) = 59*r + 260. What is l(-8)?
-212
Let b(r) = 116*r + 1378. Give b(-12).
-14
Let j(n) = -25*n - 894. Give j(-20).
-394
Let f(d) = -4*d**2 + 47*d + 49. What is f(14)?
-77
Let w(t) = -3*t**2 - 387*t - 1906. Calculate w(-5).
-46
Let u(t) = -t**3 - 28*t**2 + 67*t + 180. Calculate u(-30).
-30
Let i(h) = h**3 - 8*h**2 - 103*h + 343. Calculate i(3).
-11
Let w(h) = -2*h**3 + 59*h**2 + 141*h - 4922. Calculate w(29).
8
Let x(z) = 245*z + 3435. What is x(-14)?
5
Let g(y) = -10*y**3 + 30*y**2 - 12*y + 46. What is g(3)?
10
Let m(t) = t**3 - 27*t**2 - 10*t + 263. What is m(27)?
-7
Let a(l) = -157*l + 633. What is a(4)?
5
Let a(t) = 45*t + 967. Determine a(-22).
-23
Let u(h) = -h**2 - 4*h + 91. Calculate u(-22).
-305
Let x(c) = -c**3 - 40*c**2 + 91*c + 336. Give x(-42).
42
Let h(g) = -g**2 - 36*g + 1205. Determine h(-57).
8
Let u(r) = -2*r**3 + 3*r**2 + 18*r + 29. What is u(-5)?
264
Let a(f) = -49*f**3 + 587*f**2 + 9*f + 34. Calculate a(12).
-2
Let u(s) = -4*s**2 - 273*s + 1634. Give u(6).
-148
Let u(b) = -12*b**2 - 182*b - 48. What is u(-15)?
-18
Let m(i) = i**3 + 5*i**2 + 12*i + 15. Determine m(-2).
3
Let a(c) = c**3 + 135*c**2 - 1765*c - 143. Give a(-147).
4
Let q(u) = -u**3 + u**2 + 6*u. What is q(4)?
-24
Let q(b) = -100*b - 990. What is q(-10)?
10
Let j(r) = -22*r + 517. Determine j(25).
-33
Let n(c) = -387*c - 88619. Give n(-229).
4
Let q(p) = p**3 + 11*p**2 + 8*p - 33. Give q(-10).
-13
Let x(u) = -u**2 - 1211*u - 12012. What is x(-10)?
-2
Let z(x) = 60*x**2 - 424*x + 369. What is z(6)?
-15
Let j(x) = x**3 + 60*x**2 + 457*x - 59. What is j(-51)?
43
Let f(n) = -5*n + 178. Determine f(-36).
358
Let z(i) = 2*i**3 - 7*i**2 - 12*i + 15. What is z(4)?
-17
Let v(c) = -2625*c + 128617. What is v(49)?
-8
Let j(d) = 2*d**3 + 33*d**2 - 19*d + 36. Determine j(-17).
70
Let k(u) = 225*u + 247. Calculate k(-1).
22
Let h(c) = -c**2 - 61*c - 837. Determine h(-40).
3
Let g(t) = 931*t - 10219. Determine g(11).
22
Let f(t) = 2*t**3 - 51*t**2 - 77*t + 1342. Give f(26).
16
Let h(a) = 16545*a + 115844. Determine h(-7).
29
Let f(d) = -4*d**2 - 65*d - 56. Calculate f(-16).
-40
Let u(k) = -267*k + 51269. What is u(192)?
5
Let f(c) = -c**3 - 49*c**2 - 521*c + 105. Give f(-16).
-7
Let b(p) = -8*p - 24. Give b(9).
-96
Let w(p) = -p**2 - 668*p - 108859. Calculate w(-282).
-7
Let o(j) = 74*j**3 + j**2 + 5*j - 5. What is o(1)?
75
Let n(o) = -12*o**2 - 90*o + 371. Determine n(-10).
71
Let a(f) = 2*f**2 - 136*f - 2094. Give a(-13).
12
Let c(j) = -2*j**3 - 46*j**2 - 53*j - 53. Determine c(-22).
145
Let a(d) = -82*d - 245. Determine a(-3).
1
Let q(l) = l**3 - 4*l**2 + 468*l + 1411. Give q(-3).
-56
Let g(a) = -a**3 - 11*a**2 - 96*a - 1582. Determine g(-13).
4
Let w(f) = 10*f**3 - 6*f**2 + 6*f + 3. Calculate w(1).
13
Let k(z) = 6*z**2 - 1961*z - 10287. Determine k(332).
5
Let c(i) = -14719*i - 88314. What is c(-6)?
0
Let v(j) = 407*j + 1225. Determine v(-3).
4
Let s(q) = -11*q + 53. Give s(8).
-35
Let h(k) = 326*k + 2618. Determine h(-8).
10
Let h(s) = -s**2 + 50*s + 5. Determine h(51).
-46
Let w(a) = a**3 - 45*a**2 + 145*a - 2542. Give w(43).
-5
Let a(u) = -u**3 + 19*u**2 - u - 9. Calculate a(0).
-9
Let k(p) = 3*p**3 + 296*p**2 + 1138*p - 3. Give k(-4).
-11
Let v(g) = 940*g + 17856. Give v(-19).
-4
Let z(s) = 56*s + 5263. Give z(-94).
-1
Let o(h) = 2*h**2 - 1168*h + 3508. What is o(3)?
22
Let k(a) = 22*a - 363. Calculate k(16).
-11
Let w(i) = -i**3 - 113*i + 361. Determine w(3).
-5
Let z(b) = -11*b**2 - 647*b + 130. Give z(-59).
12
Let d(u) = 3*u**2 - 165*u + 1936. What is d(38)?
-2
Let c(v) = 44*v**2 - 1045*v - 266. Give c(24).
-2
Let l(z) = -3*z**3 + z**2 - 2338*z - 9. Give l(0).
-9
Let h(u) = 27*u - 72. Calculate h(3).
9
Let i(f) = -19*f + 63. Calculate i(3).
6
Let o(b) = -2*b**2 - 111*b + 268. Calculate o(-59).
-145
Let x(l) = -l**3 - 17*l**2 + 30*l + 209. Calculate x(-18).
-7
Let r(g) = 4*g**2 - 55*g + 216. Determine r(7).
27
Let a(b) = -3*b**3 - 30*b**2 - 26*b - 5. What is a(-8)?
-181
Let q(j) = 1207*j - 10944. Determine q(9).
-81
Let n(h) = 111*h**2 + 2107*h - 72. Determine n(-19).
-34
Let q(f) = -173*f - 2811. Determine q(-16).
-43
Let i(n) = -n**2 - 17*n - 31. What is i(-33)?
-559
Let n(m) = -7*m**3 + 5*m**2 - 3*m + 6. Give n(4).
-374
Let t(g) = -g**2 - 32*g - 117. Determine t(-28).
-5
Let p(u) = 2*u**3 - 72*u**2 - 61*u - 465. What is p(37)?
16
Let a(m) = -2*m**3 + 29*m**2 + 49*m - 11. What is a(16)?
5
Let y(j) = -3*j**2 - 229*j + 111. Determine y(-74).
629
Let t(n) = 3*n**3 - 8*n**2 - 3*n - 22. Calculate t(6).
320
Let j(c) = -2*c - 3. What is j(10)?
-23
Let t(h) = h**3 - 12*h**2 + 13*h - 22. Determine t(11).
0
Let k(d) = -d**3 - 27*d**2 + 127*d - 14. Calculate k(4).
-2
Let t(x) = 324*x - 3568. Calculate t(11).
-4
Let o(m) = 5*m**2 - 98*m - 4. Calculate o(20).
36
Let h(p) = 2*p**2 - 6*p - 10. Calculate h(7).
46
Let g(d) = d**3 + 70*d**2 + 4*d - 13. Determine g(0).
-13
Let l(a) = 189*a + 7317. Calculate l(-39).
-54
Let b(r) = -r**3 - 16*r**2 + r - 187. What is b(-17)?
85
Let w(i) = 71*i**2 - 61*i - 128. Give w(-2).
278
Let r(m) = m**3 - 8*m**2 - 55. Determine r(0).
-55
Let i(j) = j**3 - 32*j**2 - 1433*j + 426. Give i(57).
-30
Let k(w) = -268*w - 838. What is k(-3)?
-34
Let p(c) = -182*c - 17478. Calculate p(-96).
-6
Let o(a) = -a**2 + 11*a - 5. Determine o(4).
23
Let r(u) = -5*u**2 + 43*u - 51. Give r(7).
5
Let l(q) = q**3 - 4*q**2 - 59*q + 252. What is l(6)?
-30
Let f(u) = 11*u**3 - 210*u**2 + 30*u - 218. Give f(19).
-9
Let l(f) = -8*f**3 + 4*f**2 + 13*f + 20. Determine l(-3).
233
Let y(z) = z**2 + 31*z + 24. What is y(-36)?
204
Let s(k) = k**2 + 84*k + 999. Give s(-70).
19
Let r(t) = t**3 - 13*t**2 + 41*t - 29. Calculate r(9).
16
Let q(l) = 83*l + 1398. What is q(-17)?
-13
Let p(x) = 2*x**3 - 2*x**2 - 45*x - 85. Give p(-2).
-19
Let l(f) = -2*f**2 + 282*f + 570. What is l(-2)?
-2
Let g(q) = 12*q**2 - 15*q + 1. What is g(1)?
-2
Let l(n) = -3*n - 318. Determine l(-26).
-240
Let h(i) = i**3 - 53*i**2 + 478*i + 572. Determine h(41).
-2
Let s(f) = -f**3 - 12*f**2 - 33*f - 15. Give s(-9).
39
Let h(k) = 174*k**2 + 51*k - 52. What is h(1)?
173
Let h(a) = 2*a**2 + 36*a + 34. Determine h(-18).
34
Let v(p) = 160*p - 1126. Give v(6).
-166
Let w(a) = -43*a**2 + 1458*a + 162. Calculate w(34).
26
Let j(m) = 905*m - 5438. Calculate j(6).
-8
Let z(b) = 82*b - 11248. Calculate z(138).
68
Let k(h) = 13*h**2 - 59*h + 117. Determine k(2).
51
Let t(x) = 4946*x - 4947. Give t(1).
-1
Let q(k) = -9*k**2 - 13*k - 119. Determine q(-6).
-365
Let r(f) = -f**2 + 33*f + 92. Determine r(0).
92
Let c(a) = -57*a**2 - 2*a + 1. Give c(1).
-58
Let r(v) = -687*v + 654. Calculate r(1).
-33
Let t(v) = -v**2 + 32*v + 22. Give t(6).
178
Let p(v) = 2*v**2 + v - 31. Calculate p(0).
-31
Let l(d) = -d**3 + 30*d**2 - 128*d + 72. Determine l(25).
-3
Let y(l) = 26*l + 73. What is y(-3)?
-5
Let t(w) = 65*w + 36. Determine t(3).
231
Let m(w) = 5*w**3 + 204*w**2 - 39*w + 35. Calculate m(-41).
-47
Let n(x) = -145*x - 3189. Give n(-22).
1
Let x(v) = 7*v**2 + v + 16. Calculate x(6).
274
Let r(a) = a**3 - 22*a**2 + 45*a + 52. Give r(20).
152
Let u(s) = s**3 - 7*s**2 + 17*s - 37. What is u(5)?
-2
Let z(i) = 6600*i + 66011. Calculate z(-10).
11
Let f(p) = 75*p + 140. What is f(-2)?
-10
Let q(j) = j**2 - 55*j + 744. Determine q(30).
-6
Let l(q) = -q**3 + 44*q**2 - 43*q + 14. What is l(43)?
14
Let r(a) = -758*a + 1506. Calculate r(2).
-10
Let s(k) = -2*k**3 - 21*k**2 - 5*k - 118. Give s(-11).
58
Let o(y) = 8*y - 49. What is o(4)?
-17
Let u(s) = -s**3 - 37*s**2 - 35*s - 251. Give u(-36).
-287
Let h(o) = -o**2 - 204*o - 2299. Calculate h(-12).
5
Let c(q) = 4*q**3 - q**2 - q - 1. Determine c(-1).
-5
Let j(r) = r**2 - 53*r + 282. What is j(6)?
0
Let g(b) = -1113*b + 5549. Give g(5).
-16
Let h(n) = -696*n**3 + 2088*n**2 + 15*n - 31. Calculate h(3).
14
Let y(b) = 2*b**2 + 19*b + 37. Give y(-7).
2
Let v(f) = -2*f**3 - 11*f**2 - 177*f - 483. Give v(-3).
3
Let p(b) = -b**2 - 24*b + 407. Give p(11).
22
L